s divided by 29?
26
Calculate the remainder when 6703144 is divided by 241.
211
What is the remainder when 1325211 is divided by 662583?
45
Calculate the remainder when 1575547 is divided by 51.
4
What is the remainder when 17750777 is divided by 188?
5
What is the remainder when 31719995 is divided by 857297?
6
What is the remainder when 254517 is divided by 20827?
4593
Calculate the remainder when 19529 is divided by 4792.
361
Calculate the remainder when 292687 is divided by 2867.
253
What is the remainder when 218732 is divided by 41?
38
Calculate the remainder when 105434469 is divided by 143.
140
What is the remainder when 158413 is divided by 10554?
103
Calculate the remainder when 8506593 is divided by 4253282.
29
Calculate the remainder when 227615 is divided by 227491.
124
Calculate the remainder when 980940 is divided by 222.
144
Calculate the remainder when 4296683 is divided by 4296476.
207
Calculate the remainder when 1374804 is divided by 477.
90
Calculate the remainder when 393569 is divided by 48780.
3329
What is the remainder when 2319363 is divided by 31771?
80
What is the remainder when 69005 is divided by 68986?
19
Calculate the remainder when 147838 is divided by 146010.
1828
What is the remainder when 1420968 is divided by 10?
8
Calculate the remainder when 3408837 is divided by 153.
150
What is the remainder when 3930679 is divided by 4730?
49
What is the remainder when 8748 is divided by 751?
487
What is the remainder when 128563 is divided by 4414?
557
Calculate the remainder when 208702 is divided by 7601.
3475
What is the remainder when 28580602 is divided by 5446?
5440
What is the remainder when 217623 is divided by 6844?
5459
Calculate the remainder when 193741 is divided by 87.
79
Calculate the remainder when 510498 is divided by 42510.
378
Calculate the remainder when 114685 is divided by 1973.
251
Calculate the remainder when 471957 is divided by 1140.
1137
What is the remainder when 596937 is divided by 33163?
3
Calculate the remainder when 416499 is divided by 14362.
1
Calculate the remainder when 31745427 is divided by 961982.
21
Calculate the remainder when 1006508469 is divided by 2328.
2325
Calculate the remainder when 107473 is divided by 26811.
229
Calculate the remainder when 3989448 is divided by 173447.
167
What is the remainder when 4228681 is divided by 192194?
413
What is the remainder when 12210941 is divided by 67838?
101
Calculate the remainder when 4660350 is divided by 149.
77
Calculate the remainder when 8850264 is divided by 17736.
0
What is the remainder when 14359661 is divided by 82?
67
Calculate the remainder when 17331382 is divided by 329.
320
Calculate the remainder when 189983 is divided by 17262.
101
Calculate the remainder when 450570140 is divided by 441.
440
Calculate the remainder when 1225962 is divided by 820.
62
Calculate the remainder when 8419 is divided by 8164.
255
Calculate the remainder when 566094 is divided by 870.
594
What is the remainder when 932747594 is divided by 5?
4
What is the remainder when 37359168 is divided by 5?
3
What is the remainder when 2731516 is divided by 229?
4
Calculate the remainder when 110296 is divided by 752.
504
What is the remainder when 84644519 is divided by 1263351?
2
Calculate the remainder when 1783111 is divided by 3835.
3671
Calculate the remainder when 25197049 is divided by 1399836.
1
What is the remainder when 43414981 is divided by 493?
415
Calculate the remainder when 281736 is divided by 46954.
12
Calculate the remainder when 504911 is divided by 62.
45
What is the remainder when 6844775 is divided by 2141?
2139
What is the remainder when 10318248 is divided by 1289778?
24
Calculate the remainder when 338069 is divided by 84513.
17
Calculate the remainder when 162845 is divided by 23262.
11
What is the remainder when 360671782 is divided by 132?
130
What is the remainder when 1899310 is divided by 24350?
10
Calculate the remainder when 21979546 is divided by 112.
106
What is the remainder when 108636 is divided by 708?
312
What is the remainder when 8342785 is divided by 2304?
1
Calculate the remainder when 1394294 is divided by 30.
14
What is the remainder when 62131329 is divided by 38?
37
What is the remainder when 36041145 is divided by 7243?
7220
Calculate the remainder when 150939 is divided by 549.
513
What is the remainder when 181177 is divided by 180697?
480
Calculate the remainder when 12619099 is divided by 260.
259
Calculate the remainder when 35293177 is divided by 25.
2
What is the remainder when 3729692 is divided by 44?
32
Calculate the remainder when 3174891 is divided by 3174862.
29
Calculate the remainder when 135581549 is divided by 9663.
9659
What is the remainder when 125481 is divided by 20901?
75
Calculate the remainder when 9910 is divided by 1176.
502
What is the remainder when 112222875 is divided by 118?
37
Calculate the remainder when 1737834 is divided by 193074.
168
Calculate the remainder when 22463306 is divided by 5815.
5776
Calculate the remainder when 26924317 is divided by 95.
82
Calculate the remainder when 101719 is divided by 5352.
31
Calculate the remainder when 6124918 is divided by 1020819.
4
What is the remainder when 683849 is divided by 526?
49
What is the remainder when 21798 is divided by 749?
77
Calculate the remainder when 352025 is divided by 117200.
425
Calculate the remainder when 6512929 is divided by 612.
25
What is the remainder when 32500102 is divided by 1444?
1438
What is the remainder when 12226410 is divided by 11589?
15
What is the remainder when 147404 is divided by 14?
12
Calculate the remainder when 25327584 is divided by 159.
156
Calculate the remainder when 34243117 is divided by 8.
5
Calculate the remainder when 474791 is divided by 3624.
47
Calculate the remainder when 1873558 is divided by 315.
253
Calculate the remainder when 497378 is divided by 1244.
1022
What is the remainder when 5337777 is divided by 7?
4
What is the remainder when 4532490 is divided by 20416?
138
What is the remainder when 1187761 is divided by 297?
58
What is the remainder when 10493804 is divided by 871?
867
What is the remainder when 2488770 is divided by 25?
20
What is the remainder when 510189 is divided by 254980?
229
What is the remainder when 11778195 is divided by 230?
125
What is the remainder when 88569 is divided by 257?
161
Calculate the remainder when 24152108 is divided by 175.
8
What is the remainder when 8258814 is divided by 27347?
20
Calculate the remainder when 9115316 is divided by 506403.
62
Calculate the remainder when 1497966 is divided by 299592.
6
What is the remainder when 278014780 is divided by 32?
28
Calculate the remainder when 124396 is divided by 87.
73
Calculate the remainder when 9741602 is divided by 615.
2
What is the remainder when 490709579 is divided by 1102?
1101
Calculate the remainder when 41027422 is divided by 5285.
5252
What is the remainder when 190557 is divided by 3072?
93
Calculate the remainder when 126886331 is divided by 222.
11
Calculate the remainder when 9843257 is divided by 63.
11
Calculate the remainder when 46064780 is divided by 5673.
20
What is the remainder when 585240 is divided by 113?
13
Calculate the remainder when 9338375 is divided by 212.
199
What is the remainder when 6865745 is divided by 116?
53
What is the remainder when 657059098 is divided by 5730?
5728
What is the remainder when 143962430 is divided by 20566060?
10
Calculate the remainder when 16012 is divided by 16.
12
What is the remainder when 3542044 is divided by 69?
67
What is the remainder when 506068934 is divided by 17?
14
Calculate the remainder when 15921 is divided by 15660.
261
What is the remainder when 259909 is divided by 51938?
219
What is the remainder when 184345 is divided by 167?
144
What is the remainder when 407163 is divided by 79?
76
What is the remainder when 57309602 is divided by 30729?
17
Calculate the remainder when 309485 is divided by 28120.
165
What is the remainder when 9214490 is divided by 611?
610
What is the remainder when 2073218 is divided by 18492?
2114
What is the remainder when 5151277 is divided by 11272?
11245
What is the remainder when 4950063 is divided by 556?
551
What is the remainder when 58138 is divi